{"id":209,"date":"2022-04-17T19:00:50","date_gmt":"2022-04-17T16:00:50","guid":{"rendered":"http:\/\/www.3sbilgisayar.com\/?page_id=209"},"modified":"2025-04-07T17:23:50","modified_gmt":"2025-04-07T14:23:50","slug":"hirsiz","status":"publish","type":"page","link":"https:\/\/3sbilgisayar.com\/?page_id=209","title":{"rendered":"H\u0131rs\u0131z Alarm Sistemleri"},"content":{"rendered":"<div class=\"wpb-content-wrapper\"><p>[vc_row][vc_column][vc_column_text css_animation=&#8221;none&#8221; css=&#8221;&#8221;]<\/p>\n<h1 style=\"text-align: center;\">H\u0131rs\u0131z Alarm Sistemleri<\/h1>\n<p>[\/vc_column_text][vc_single_image image=&#8221;215&#8243; img_size=&#8221;full&#8221; alignment=&#8221;center&#8221; css_animation=&#8221;none&#8221; css=&#8221;&#8221;][\/vc_column][\/vc_row][vc_row equal_height=&#8221;yes&#8221; content_placement=&#8221;middle&#8221;][vc_column css_animation=&#8221;none&#8221;][vc_column_text css=&#8221;&#8221;]<\/p>\n<div class=\"ui--blog-header\">\n<section class=\"elementor-section elementor-top-section elementor-element elementor-element-196bd9b elementor-section-boxed elementor-section-height-default elementor-section-height-default animated slideInLeft\" data-id=\"196bd9b\" data-element_type=\"section\" data-settings=\"{&quot;animation&quot;:&quot;slideInLeft&quot;}\">\n<div class=\"elementor-container elementor-column-gap-default\">\n<div class=\"elementor-column elementor-col-100 elementor-top-column elementor-element elementor-element-aeeeb28\" data-id=\"aeeeb28\" data-element_type=\"column\">\n<div class=\"elementor-widget-wrap elementor-element-populated\">\n<div class=\"elementor-element elementor-element-90d7664 elementor-widget elementor-widget-text-editor\" data-id=\"90d7664\" data-element_type=\"widget\" data-widget_type=\"text-editor.default\">\n<div class=\"elementor-widget-container\">\n<h3 style=\"text-align: center;\"><strong>\u00a0H\u0131rs\u0131z \u0130hbar Sistemleri<\/strong><\/h3>\n<\/div>\n<\/div>\n<\/div>\n<\/div>\n<\/div>\n<\/section>\n<section class=\"elementor-section elementor-top-section elementor-element elementor-element-a561c4f elementor-section-boxed elementor-section-height-default elementor-section-height-default\" data-id=\"a561c4f\" data-element_type=\"section\">\n<div class=\"elementor-container elementor-column-gap-default\">\n<div class=\"elementor-column elementor-col-50 elementor-top-column elementor-element elementor-element-02809a9\" style=\"text-align: center;\" data-id=\"02809a9\" data-element_type=\"column\">\n<div class=\"elementor-widget-wrap elementor-element-populated\">\n<div class=\"elementor-element elementor-element-b2d44e2 elementor-widget elementor-widget-image animated fadeInLeft\" data-id=\"b2d44e2\" data-element_type=\"widget\" data-settings=\"{&quot;_animation&quot;:&quot;fadeInLeft&quot;}\" data-widget_type=\"image.default\">\n<div class=\"elementor-widget-container\"><a href=\"https:\/\/elityangin.com\/wp-content\/uploads\/2021\/02\/hirsiz-alarm-sistemi-elit-yangin.jpg\" data-elementor-open-lightbox=\"yes\" data-elementor-lightbox-title=\"hirsiz-alarm-sistemi-elit yangin\"><img loading=\"lazy\" decoding=\"async\" class=\"attachment-full size-full aligncenter\" src=\"https:\/\/elityangin.com\/wp-content\/uploads\/2021\/02\/hirsiz-alarm-sistemi-elit-yangin.jpg\" sizes=\"auto, (max-width: 318px) 100vw, 318px\" srcset=\"https:\/\/elityangin.com\/wp-content\/uploads\/2021\/02\/hirsiz-alarm-sistemi-elit-yangin.jpg 318w, https:\/\/elityangin.com\/wp-content\/uploads\/2021\/02\/hirsiz-alarm-sistemi-elit-yangin-300x225.jpg 300w, https:\/\/elityangin.com\/wp-content\/uploads\/2021\/02\/hirsiz-alarm-sistemi-elit-yangin-230x173.jpg 230w\" alt=\"\" width=\"318\" height=\"239\" \/><\/a><\/div>\n<div><\/div>\n<\/div>\n<\/div>\n<\/div>\n<div class=\"elementor-column elementor-col-50 elementor-top-column elementor-element elementor-element-da3998d\" data-id=\"da3998d\" data-element_type=\"column\">\n<div class=\"elementor-widget-wrap elementor-element-populated\">\n<div class=\"elementor-element elementor-element-8cb069c elementor-widget elementor-widget-text-editor animated fadeInRight\" data-id=\"8cb069c\" data-element_type=\"widget\" data-settings=\"{&quot;_animation&quot;:&quot;fadeInRight&quot;}\" data-widget_type=\"text-editor.default\">\n<div class=\"elementor-widget-container\">\n<p style=\"text-align: center;\">Konut ve s\u0327irketlerde beklenmeyen tehditlere kars\u0327\u0131; h\u0131rs\u0131zl\u0131k, su bask\u0131n\u0131, dog\u0306al gaz kac\u0327ag\u0306\u0131 vb. durumlar ic\u0327in kullan\u0131lan h\u0131rs\u0131z alarm sistemleri yas\u0327am ve c\u0327al\u0131s\u0327ma alanlar\u0131ndaki can ve mal gu\u0308venlig\u0306inin maksimum du\u0308zeyde korunmas\u0131n\u0131 sag\u0306lamaktad\u0131r.<\/p>\n<\/div>\n<\/div>\n<\/div>\n<\/div>\n<\/div>\n<\/section>\n<\/div>\n<p>[\/vc_column_text][\/vc_column][\/vc_row]<\/p>\n<\/div>","protected":false},"excerpt":{"rendered":"<p>[vc_row][vc_column][vc_column_text css_animation=&#8221;none&#8221; css=&#8221;&#8221;] H\u0131rs\u0131z Alarm Sistemleri [\/vc_column_text][vc_single_image image=&#8221;215&#8243; img_size=&#8221;full&#8221; alignment=&#8221;center&#8221; css_animation=&#8221;none&#8221; css=&#8221;&#8221;][\/vc_column][\/vc_row][vc_row equal_height=&#8221;yes&#8221; content_placement=&#8221;middle&#8221;][vc_column css_animation=&#8221;none&#8221;][vc_column_text css=&#8221;&#8221;] \u00a0H\u0131rs\u0131z \u0130hbar Sistemleri Konut ve s\u0327irketlerde beklenmeyen tehditlere kars\u0327\u0131; h\u0131rs\u0131zl\u0131k, su bask\u0131n\u0131, dog\u0306al gaz kac\u0327ag\u0306\u0131 vb. durumlar ic\u0327in kullan\u0131lan h\u0131rs\u0131z alarm sistemleri yas\u0327am ve c\u0327al\u0131s\u0327ma alanlar\u0131ndaki can ve mal gu\u0308venlig\u0306inin maksimum du\u0308zeyde korunmas\u0131n\u0131 sag\u0306lamaktad\u0131r. [\/vc_column_text][\/vc_column][\/vc_row]<\/p>\n","protected":false},"author":1,"featured_media":0,"parent":0,"menu_order":0,"comment_status":"closed","ping_status":"closed","template":"","meta":{"footnotes":""},"class_list":["post-209","page","type-page","status-publish","hentry"],"_links":{"self":[{"href":"https:\/\/3sbilgisayar.com\/index.php?rest_route=\/wp\/v2\/pages\/209","targetHints":{"allow":["GET"]}}],"collection":[{"href":"https:\/\/3sbilgisayar.com\/index.php?rest_route=\/wp\/v2\/pages"}],"about":[{"href":"https:\/\/3sbilgisayar.com\/index.php?rest_route=\/wp\/v2\/types\/page"}],"author":[{"embeddable":true,"href":"https:\/\/3sbilgisayar.com\/index.php?rest_route=\/wp\/v2\/users\/1"}],"replies":[{"embeddable":true,"href":"https:\/\/3sbilgisayar.com\/index.php?rest_route=%2Fwp%2Fv2%2Fcomments&post=209"}],"version-history":[{"count":0,"href":"https:\/\/3sbilgisayar.com\/index.php?rest_route=\/wp\/v2\/pages\/209\/revisions"}],"wp:attachment":[{"href":"https:\/\/3sbilgisayar.com\/index.php?rest_route=%2Fwp%2Fv2%2Fmedia&parent=209"}],"curies":[{"name":"wp","href":"https:\/\/api.w.org\/{rel}","templated":true}]}}